ainder when 5 is divided by r.
1
Let t(b) = -2*b**3 - 3*b**2 - 2*b - 3. Suppose 4*v - 2*k = 62, 0 = -5*v + 3*v - 4*k + 46. What is the remainder when v is divided by t(-2)?
2
Let j(p) = -p**3 - 7*p**2 + 3*p + 1 + 2 + 4*p + 3. What is the remainder when 67 is divided by j(-8)?
11
Suppose -602 + 7 = -17*l. Calculate the remainder when l is divided by 19.
16
Let w(t) = 4*t + 4. Calculate the remainder when w(6) is divided by 10.
8
Let a(p) = p**3 - 3*p**2 - p - 4. Suppose 4*v - 4 = 4*d, 2*v + 3*v = 2*d + 17. Let f be a(d). Calculate the remainder when 5 is divided by 57/12 - 6/f.
1
What is the remainder when (60/18)/((-4)/(-54)) is divided by 16?
13
Suppose -7*a + 3*a + 17 = -5*w, -a + 2*w + 5 = 0. Suppose 2*j - o = 11, 3*j - 17 - 7 = a*o. What is the remainder when 10 is divided by 4 - 0*1/j?
2
Let q be ((-1)/1)/((-1)/(-7)). Let x = 17 - q. What is the remainder when x is divided by 13?
11
Suppose -20 = 8*o - 12*o. Suppose -o*a - a + 72 = 0. Calculate the remainder when a is divided by 7.
5
Let x(z) = -z**3 - z**2 - z + 13. Let a(j) be the third derivative of j**4/6 + 3*j**3/2 - 3*j**2. Calculate the remainder when a(7) is divided by x(0).
11
Suppose -b + 44 = 3*b + 4*z, 0 = 3*b - 4*z - 54. What is the remainder when 38 is divided by b?
10
Suppose 0 = v - 5*c + 20, -4*v + c = 2*c - 25. Let i(b) = -b**2 + 6*b + 7. Calculate the remainder when (2/2)/(3/105) is divided by i(v).
11
Suppose 3*i = 12 - 3. Calculate the remainder when -1*(-8 + i/(-3)) is divided by 3.
0
Let v(p) = -4*p - 1 + 15*p**2 - 9*p**2 - 5*p**2. Let f be v(5). Suppose 2 - 4 = -2*o, f*a - o = 55. Calculate the remainder when 41 is divided by a.
13
Let a(b) = b**3 - 3*b**2 - 8*b + 5. What is the remainder when 58 is divided by a(5)?
13
Let l(g) = -g**2 + 8*g + 8. Let u be l(7). Let j = 1 + u. Suppose -4*t + 5 = s, 0 = -5*s - t + j + 9. Calculate the remainder when 17 is divided by s.
2
Suppose 0 = -0*v + v - 11. Calculate the remainder when 23 is divided by 1*3 - (6 - v).
7
Let x = -21 + 33. Calculate the remainder when x is divided by 5.
2
Let h(x) = -13*x + 6. Let l be h(-6). Suppose 0*f + l = 4*f. Let p = 41 - f. What is the remainder when p is divided by 7?
6
Let m be (50/8)/((-2)/(-8)). Let t = -3 + 8. Suppose -m = t*x - 6*x - 5*p, 0 = -3*x - 5*p + 35. Calculate the remainder when 13 is divided by x.
3
Calculate the remainder when 297 is divided by 54/(-12)*(-120)/9.
57
Suppose q - 2*w + 6 + 4 = 0, -4*q + w = 5. Suppose 0 = -4*i - q*i + 172. Calculate the remainder when i is divided by 22.
21
Calculate the remainder when 89 is divided by -1*(-3)/(9/30).
9
Suppose -3*s - 3*x = -30, s - 2*x + 2 = x. Let v(b) = -b**3 + 25. What is the remainder when v(0) is divided by s?
4
Suppose -5*a = -2*r + 4*r + 11, 2*r + 1 = -3*a. Suppose -45 = 2*b - r*b. Calculate the remainder when 34 is divided by b.
7
Suppose -2*k = -4*b + 50, 0 = -0*b - b + 4*k + 2. Calculate the remainder when 80 is divided by b.
10
Let w(h) be the second derivative of h**5/20 + 5*h**4/6 + 4*h**3/3 + 4*h**2 + h. Calculate the remainder when 49 is divided by w(-9).
15
Let d = -7 - -2. Let q = 11 + d. What is the remainder when 22 is divided by q?
4
Suppose -5*t + 10 = -3*t. Suppose 3 = 2*m - t. Suppose 17 + 15 = m*r. What is the remainder when 14 is divided by r?
6
Suppose -w + 5*w = 20. Suppose -3*k = 3*z + z - 181, -5*z - w*k + 220 = 0. What is the remainder when z is divided by 13?
10
Let z(s) = s + 1. Let j be z(4). Suppose 10*c - 25 = j*c. What is the remainder when 8 is divided by c?
3
Let y(d) = -31*d - 4. Calculate the remainder when 107 is divided by y(-1).
26
Let b = 73 + 33. What is the remainder when b is divided by 36?
34
Calculate the remainder when 61 - -1*(4 - 3) is divided by 21.
20
Suppose -7*t + 6 = -6*t. Calculate the remainder when 15 is divided by t.
3
What is the remainder when (-3 - (1 + -6 - -2)) + 24 is divided by 13?
11
Suppose 6 = 3*k - 9. What is the remainder when (7 + 2)/(9 + -4 + -4) is divided by k?
4
Suppose -6*s = -47 - 19. What is the remainder when s is divided by 8?
3
Let c be (4/2 - 3)/(-1). Suppose -3*u + 63 - c = m, -5*m = u - 30. What is the remainder when u is divided by 7?
6
Suppose p + 2*s - 7*s = 14, 4*s - 56 = -2*p. What is the remainder when p is divided by 7?
3
Suppose 2*q = 5*q + 90. Let i = -3 - q. Calculate the remainder when i is divided by 28*(-1)/(-2)*1.
13
Suppose h = -7 + 32. Calculate the remainder when 72 is divided by h.
22
Let x = 92 + -66. What is the remainder when 8/(-10) + 4668/60 is divided by x?
25
Let s be 16*1 + (-24)/(-8). Let b = s - 7. Suppose -30 = -2*q - b. Calculate the remainder when 24 is divided by q.
6
Let a be 1*1/((-3)/12). Let z be (a - (0 - -1))*-2. Suppose 0 = -2*v + 16 + z. What is the remainder when 38 is divided by v?
12
Let g(j) = 5*j - 10. What is the remainder when g(7) is divided by 13?
12
Let u(y) = 4*y - 12. Calculate the remainder when 21 is divided by u(6).
9
Let l be (3 - 1)/(2/(-3)). What is the remainder when 18 - ((-6 - l) + 2) is divided by 10?
9
Suppose 5*l = l. Let b(u) = 37*u - 1. Let d be b(1). Suppose -5*f + 30 = -5*h, -d = -4*f - l*f + h. Calculate the remainder when 29 is divided by f.
9
Let s = 2 + 4. Calculate the remainder when 35 is divided by 3/(-18) - (-55)/s.
8
Let g be ((-3)/(-5))/(1/5). Suppose 2*h + g*h - 10 = 0. Suppose 2*o - 40 = -h. Calculate the remainder when o is divided by 10.
9
Let l(p) = p - 6. Let z be l(8). Calculate the remainder when 10 is divided by (-1 + 3)/(z/6).
4
Let c(u) = u**2 + 6*u + 13. Calculate the remainder when 57 is divided by c(-7).
17
Suppose b = -5, -2*n + 0*n - b = 1. Let s = 2 + -5. What is the remainder when 8/((-6)/s) - 1 is divided by n?
1
Calculate the remainder when (-1)/((5/(-11))/5) is divided by 3.
2
Suppose 0 = 3*u - 1 - 5. Let d(m) = 3*m - 1. Let v be d(u). Suppose -v*i - 3*s + 147 = 0, 3*i - 96 = -i + 3*s. Calculate the remainder when i is divided by 14.
13
Suppose -11 = -2*c + 25. What is the remainder when -2*(15/5 + -20) is divided by c?
16
Suppose -3*y - 2*y + 50 = 0. Calculate the remainder when 45 is divided by y.
5
Let t(h) = h**2 - 3*h - 2. What is the remainder when t(-3) is divided by (14/(-21))/(3/(-27))?
4
Suppose 3*z + 3*x + 5 = -2*x, 4*z - 16 = -x. Suppose 2*m + 3*m = p - 14, p + 5*m - 24 = 0. Calculate the remainder when p is divided by z.
4
Let l(h) = -2*h**2 + 18*h - 23. Calculate the remainder when 8 is divided by l(7).
3
Suppose 12*h - 8*h = -124. Let t = h - -73. Calculate the remainder when t is divided by 9.
6
Let f(w) be the third derivative of -w**6/120 - w**4/24 + w**3/6 + 3*w**2. Calculate the remainder when f(-2) is divided by (2/2 - 7)/(-1).
5
Suppose 4*s = l - 14, 3 = -2*l - s + 13. What is the remainder when (0 - (8 + 1))*-1 is divided by l?
3
Let w = -20 - -11. Let o be 74/(-6) + (-3)/w. Calculate the remainder when 11 is divided by o/9*(-4 - -1).
3
What is the remainder when (-4 - -1*6)*(-106)/(-4) is divided by 18?
17
Let h = -102 + 153. Suppose -x + 0*t - t + 18 = 0, -x - 3*t + 28 = 0. What is the remainder when h is divided by x?
12
Let h be 2/(-8) + (-82)/(-8). Let o(t) = 3*t**3 - t**2 + 2*t - 3 + 4*t**2 - 13*t**2 - 2*t**3. What is the remainder when 48 is divided by o(h)?
14
Suppose -y - 3 = -8. Suppose -1 = -i + 3. Suppose u = l + 2, i*l + l = 3*u. Calculate the remainder when y is divided by l.
2
Let p = -133 + 146. What is the remainder when 141 is divided by p?
11
Suppose 4*i - 82 + 15 = -d, -5 = d. Let y(m) = m**2 - 2*m + 6. What is the remainder when y(-7) is divided by i?
15
Suppose -w = 3*x - 5, -1 + 89 = 4*w - 5*x. Calculate the remainder when 65 is divided by w.
14
Let w be 12 + -16 - (-7 - 0). Suppose -w*i = -4*u - 5*i + 68, 55 = 5*u - 5*i. What is the remainder when 57 is divided by u?
12
Let n be (12/20)/(1/(-5)). Let y be 232/(-10)*(-8 - n). What is the remainder when (-4)/(-10) - y/(-10) is divided by 7?
5
Suppose -4*u = -6 - 42. What is the remainder when 1 + 23 + -7 + 5 is divided by u?
10
Let a = -135 + 194. Calculate the remainder when a is divided by 24.
11
Let z = -43 + 52. Calculate the remainder when 17 is divided by z.
8
Let p(l) = l**2 + 7*l - 2. Let d be p(-8). Suppose 43 = x + d. What is the remainder when x is divided by (-13)/((-1)/(-2 + 3))?
11
Let d = 2 + 28. Let k(j) = j**3 - 10*j**2 + 12*